-f = t - 3*t. Calculate the greatest common factor of 20 and t.
4
Suppose 2*k + 620 = 2*c, -5*c = -2*c + k - 934. Let n = 89 + c. Suppose 3*w = -w + n. What is the highest common divisor of 20 and w?
20
Let x(k) = k**3 + 7*k**2 + 9*k - 1. Let c be x(-5). Calculate the highest common factor of c and 1.
1
Suppose -d + 4*d - 126 = 0. Let f = d - 25. Calculate the highest common divisor of 68 and f.
17
Let k be (0 - (-86 - -1)) + 0. Let y = 13 - -4. What is the greatest common divisor of k and y?
17
Suppose 3*r + 3*k + 0 = -9, -3*r = -4*k - 12. Suppose 0 = -3*f - r*f - 3. Let c be f*-2*3 - 0. What is the highest common factor of 3 and c?
3
Let w be 3/(-5) - (-16)/10. Let q = 6 - w. Let z = 0 + q. Calculate the highest common divisor of 55 and z.
5
Let w(y) = -1 - 2*y**2 + 4*y**3 + y + y - 5*y**3. Let l be w(-3). Suppose 4*s = -5*z + 829, -s = -3*s + l. Calculate the highest common factor of z and 15.
15
Suppose -9*k - 157 = -2*g - 10*k, 3*g = 4*k + 263. What is the greatest common factor of 18 and g?
9
Let u = 10 + 2. What is the highest common factor of u and 48?
12
Let s(g) = g**2 + 1. Let n be s(1). Suppose -3*h + 24 = -n*h. Calculate the greatest common factor of h and 8.
8
Let z(j) = -j**2 + j - 160. Let b be z(0). Let x = -95 - b. Calculate the highest common divisor of x and 13.
13
Let v = -1 - -11. Let i(d) = 5*d. Let z be i(1). What is the highest common factor of v and z?
5
Suppose -3*p + 2*i = -368, -2*p + 4*i = 2*p - 496. What is the highest common divisor of 15 and p?
15
Suppose -2*f + p - 37 = 2*f, -2*f - 15 = 3*p. Let k = -5 - f. Let v be k/(-8) - (-177)/2. What is the greatest common factor of v and 11?
11
Let v(b) = -b**3 + b**2 - b + 48. Let u be v(0). Calculate the greatest common divisor of u and 16.
16
Let c be 3/(-18)*-3*198. Calculate the highest common factor of 9 and c.
9
Let l be (-6)/15 - (-14)/10. Let b(p) = l + 0*p + p**2 + 0 + p. Let s be b(-5). What is the highest common divisor of 105 and s?
21
Suppose 4*j + 3*i + 9 = 0, 0 = j + j - 2*i - 6. Let m be (j + 1)/(1/5). What is the highest common divisor of 5 and m?
5
Let w = -20 - -16. Let d be (97 - w/(-4)) + 4. Calculate the highest common factor of 20 and d.
20
Suppose i = -5 + 10. What is the highest common divisor of 5 and i?
5
Suppose 5*h + 24 = 4*r, r - 5*h - 2 = -r. Suppose j - 9 - r = 0. What is the greatest common factor of 20 and j?
20
Suppose -9 = -3*n - 6. Calculate the greatest common factor of 3 and n.
1
Let m(k) = k**2 - 5*k - 1. Let p be m(4). Let v be 1/(-5) - (-9)/p. Let c be (-14)/(v + 1 - 1). Calculate the highest common factor of c and 35.
7
Let t(i) be the third derivative of i**5/4 + i**4/24 + i**3/3 - 3*i**2. Let a be t(3). What is the highest common divisor of 20 and a?
20
Let a = 150 - 38. Calculate the highest common divisor of 16 and a.
16
Suppose 0 = -3*o + 6*o - 6. Let h be (23 - o) + -2 + 1. Calculate the greatest common divisor of h and 8.
4
Let a(z) = z**2 - 7*z + 2. Let k be a(8). Suppose -3*r + b = 120, -r = -0*r - 2*b + 35. Let y = r - -71. What is the highest common factor of k and y?
10
Suppose 0 = -3*n + 7*n - 32. Calculate the greatest common divisor of 12 and n.
4
Suppose 9*o = 14*o - 300. Suppose 3*i - i - 24 = 0. Calculate the highest common factor of o and i.
12
Suppose -4*r = -3*r - 22. Suppose 4*c - 2*t - 450 = 0, t + 101 = 4*c - 344. Calculate the greatest common divisor of r and c.
22
Let l(m) be the first derivative of m**3/3 - 4*m**2 - 13*m - 3. Let n be l(10). What is the greatest common factor of n and 56?
7
Let b be -3 - 0 - (-3 - 4). Let p be (b/6)/((-4)/(-114)). Calculate the highest common factor of 19 and p.
19
Suppose 0 = -3*a + 11 + 25. Suppose 3*i + i + 106 = 2*r, -2*i - 182 = -4*r. Suppose -3*s + r = 7. Calculate the highest common factor of a and s.
12
Let s be ((-9)/2)/((-33)/176). Calculate the greatest common divisor of 60 and s.
12
Let j = 1 - -4. Let t = -1 + j. What is the greatest common divisor of t and 2?
2
Suppose -2*k = -4*k + 12. Suppose 0*j + 12 = 4*j. What is the highest common divisor of k and j?
3
Suppose 4*g - 3*w + w = 386, 5*g - 3*w - 483 = 0. Calculate the highest common divisor of g and 24.
24
Suppose -5*q - 16 + 97 = 4*g, 3*g + 14 = 2*q. What is the highest common factor of q and 52?
13
Let o = -14 + 17. Calculate the highest common factor of o and 3.
3
Let t be (-2)/8 - 699/(-12). Suppose 5*n - t = 7. What is the greatest common divisor of 26 and n?
13
Let l be 1/(30/(-16) - -2). Suppose -4 - 36 = -2*j. What is the greatest common factor of l and j?
4
Let z(g) = -2*g + 2. Let x be z(-4). Suppose 0*c = -5*c + 150. Calculate the highest common divisor of x and c.
10
Let s = -25 + 28. Let a = 0 + 1. Let f be (57*2)/s + a. Calculate the highest common factor of 26 and f.
13
Let m be (-3 - -3) + (41 - 2). Calculate the greatest common divisor of m and 13.
13
Let j be ((-3)/9)/(5/(-480)). Calculate the highest common divisor of 48 and j.
16
Let v(c) be the first derivative of 2*c + 3 + 1/2*c**2 + 0*c**3 - 1/4*c**4. Let w be v(-3). What is the highest common factor of w and 13?
13
Let m(g) be the first derivative of g**4/4 - g**3/3 - g**2 - 2*g - 37. Suppose 7 = 4*v - 5. Let p be m(v). Calculate the greatest common factor of p and 20.
10
Suppose 5*j - 181 = -16. Let i(m) = m**2 - 6*m - 3. Let h be i(7). Suppose 13 = -p + h*r, 5*r = 3*p - 4 + 15. What is the highest common factor of j and p?
3
Let a be (-20)/(-2)*(-18)/(-4). Suppose 4*x - 6*x + 3*b = 2, 0 = -5*x - 5*b + a. Suppose -7*y = -3*y - 80. Calculate the greatest common factor of y and x.
5
Suppose -19*k + 15*k + 80 = 0. Let x = 20 + -10. What is the highest common divisor of x and k?
10
Let j(b) = -16*b + 10. Let v be j(-9). Suppose -2*d - 5*q + 9 = -v, 2*q - 250 = -3*d. Calculate the greatest common factor of d and 12.
12
Let j(t) = -6*t**2 - 8. Let g(k) = 5*k**2 + k + 7. Let v(i) = 5*g(i) + 4*j(i). Let f be v(-8). Calculate the highest common divisor of f and 216.
27
Let r = -27 - -39. What is the greatest common factor of 96 and r?
12
Suppose 4*k - 10 = 2. Suppose h + 3 = -2*p, -5*h + 7 = -k*p - 4. Calculate the greatest common factor of h and 1.
1
Suppose -64 = -2*y + 4*z, -5*z - 13 + 3 = 0. What is the highest common divisor of y and 196?
28
Suppose p = -0*p + i + 94, -3*p + 2*i + 280 = 0. Suppose -2*y = 2*y - p. Let t = y + 54. Calculate the greatest common divisor of t and 11.
11
Let g = 13 + -5. Let a be g/6 - 4/12. Let m be ((-2)/(-4))/(a/16). Calculate the highest common divisor of m and 4.
4
Let u = -218 - -378. Suppose -320 = -5*k + k + 4*z, 2*k - 5*z - u = 0. What is the greatest common factor of k and 16?
16
Suppose 4*v = f - 14 + 2, -f - 12 = 2*v. Let w be (63/(-6))/(v/8). What is the highest common divisor of w and 21?
21
Let h = 30 + -14. Suppose -3*z + a + 2*a = -12, h = 3*z - a. Let p = 54 + -30. What is the greatest common divisor of z and p?
6
Suppose -2*x + 18 = -4*z, 0 = -2*z + 4*z - 2. Let h = 21 - x. Calculate the highest common factor of h and 90.
10
Let p = 137 + -131. Suppose 30 + 6 = 2*d. Calculate the highest common divisor of d and p.
6
Let o be 8 + (-1 + 0 - -1)/1. Calculate the greatest common factor of o and 8.
8
Let d(v) = v**2 - 5*v + 3. Let b be d(6). Let o(y) = -y**2 + 8*y + 21. Let c be o(b). Suppose -h + 2*h - 18 = 0. What is the highest common divisor of c and h?
6
Suppose -3*t - f = -35, -2*t + 4*f = -0*f - 14. Let h be -1 - -2 - 12/4. Let j be 1 - 1*0/h. What is the greatest common factor of j and t?
1
Let h = 7 + 41. Let x be (-1 + 0)/(2/(-20)). Let u = 6 + x. Calculate the greatest common divisor of h and u.
16
Let b = -26 - -48. Calculate the highest common divisor of b and 2.
2
Suppose 168 = 5*i - i. What is the highest common divisor of 7 and i?
7
Let r be ((-2)/(-1))/((-2)/(-3)). Suppose 2*o = o + r*x + 17, 4*o - 3*x - 77 = 0. What is the greatest common factor of o and 5?
5
Suppose 4*q = q + 6, -2*q - 1 = j. Let k be 4 - 4/(3 + j). What is the highest common factor of 66 and k?
6
Let g(x) = -x**3 + 10*x**2 + 13*x - 15. Let d be g(11). Suppose -2*s - 3*w + 8 = 0, 5*w = -0*w - 10. What is the greatest common factor of d and s?
7
Let j be 33/(-4)*(-32)/4. What is the greatest common divisor of j and 165?
33
Suppose 3*g + 22 = 5*g. Let p = -10 - -34. Let y = p + 9. Calculate the highe